**3/3 - 5*g**2/2 - 5*g + 471. Determine m(-2).
1
Let m(y) = -3*y + 3. Let n(d) = d - 1. Suppose -5*k - 25 = -5*p, 5*k + 21 = -0*p + 3*p. Let s(x) = p*m(x) + 7*n(x). What is s(0)?
-1
Let v(c) = -c**2 - 2*c + 2. Suppose 2*m = 3*d + 5, 2*d - 2*m + 18 = 3*m. Suppose -25 + d = -6*r. Let i be -6 + 2 + -3 + r. Give v(i).
-1
Let g = 119 + -108. Let v(h) = -h**2 + 12*h - 3. What is v(g)?
8
Suppose 7*f + 9 = 4*f, -a - 2*f = 0. Let s(n) be the third derivative of -2*n**2 - 1/24*n**4 + 0*n + 0 + 0*n**3. What is s(a)?
-6
Let o(c) = 4*c + 23 - 26 - 9*c. Suppose 11*g = -114 + 81. Give o(g).
12
Let q(a) = -a**3 - a**2 + a - 14. Let v(w) = 2*w + 4. Let r be v(-13). Let o = -17 - r. Let t be (-3 - -3)*o/10. Calculate q(t).
-14
Let o(n) = -n**3 - 2*n**2 - 3*n - 5. Let q be o(-2). Let t(r) = -5*r - 2. Give t(q).
-7
Let p(g) = 3*g**2 + 20*g - 9. Let k be p(-7). Let v(j) = j**3 + j**2 + 2*j + 1. What is v(k)?
-7
Let w(f) = f**2 - 4*f + 3. Let b(y) = y**2 + 6*y + 6. Let n be b(-8). Let l(k) = 4*k**3 + 4*k**2 + 2*k. Let g be l(-2). Let s = n + g. Give w(s).
-1
Let r(a) = a**2 + 9*a - 9. Let i = -73 - -74. Let w be (5 - i) + (-14)/1. Give r(w).
1
Let q(p) = 11 + 11 - 20 - 4*p + 22 + 24. What is q(13)?
-4
Suppose 6 = -l + 1. Let b(w) = -4*w - 2*w**2 + 0*w - 3 + w**2 + 12. Let n be b(l). Let q(i) = i. Give q(n).
4
Let z(v) be the second derivative of 1/3*v**3 + 0 + 1/2*v**2 - 23*v - 1/12*v**4. Determine z(-2).
-7
Let y(z) be the second derivative of 11*z - 1/12*z**4 + 0*z**2 + 1/6*z**3 - 1/20*z**5 + 0. What is y(-2)?
2
Let m(l) be the third derivative of l**6/120 + 2*l**5/15 + l**4/24 - 5*l**3/6 + 126*l**2. What is m(-7)?
37
Let y(v) = 0 + 0*v**2 + 3 + 0*v**2 - v**2 + 3 - 6*v. Give y(-7).
-1
Let x(k) = -2*k + 21. Let p be x(7). Let v(c) = -2*c**2 + 11*c - 9. Let a(m) = m**2 - 5*m + 4. Let o(r) = -5*a(r) - 3*v(r). Calculate o(p).
0
Suppose 5*g - 31*g = 130. Let c(m) = -m + 10. Let d be c(7). Let l(x) = 2 - 6*x**2 - 3*x**d - 4*x + 0 + 2*x**3. Calculate l(g).
-3
Suppose -5*x = -5*i + 20, -i + 9 - 2 = -4*x. Let g(a) = -a**2 - 1. Let y(r) = 3*r**2 - 3*r - 1. Let o(q) = x*y(q) - 2*g(q). What is o(4)?
-1
Let k(w) = w**3 - 6*w**2 + 3*w + 6. Suppose 5*l + 5 = 4*l. Let n be 2/l + (-27)/(-5). Give k(n).
-4
Let n(k) = 0 + 11*k + 2*k**2 - k**2 + 5 + 3 + 6. Calculate n(-9).
-4
Let m(i) = -i - 2. Let b be m(-1). Let h(n) = 8*n**3 + n**2. Determine h(b).
-7
Suppose 33*f = 9*f - 192. Let h(c) = -2*c - 9. Calculate h(f).
7
Let w(i) = 1818 + i**2 + 1821 + i - 3639. Let m be 2*((-10)/(-4) - 1). Give w(m).
12
Let f(h) = -h**2 + 2*h + 21. Suppose 0 = -w - 20 + 26. Calculate f(w).
-3
Let n = 122 + -79. Let y = n - 41. Let j(q) = q**2 - 4*q + 3. Determine j(y).
-1
Let o(l) = -l**3 - 12*l**2 - 10*l + 10. Let k = 2554 + -2565. Calculate o(k).
-1
Let r(w) = w**2 + w - 1. Let b(d) = d**3 + 11*d**2 + 11*d + 12. Let v be b(-10). Suppose -p + 3*p - 14 = 2*y, -v*p + 5 = y. What is r(y)?
5
Let w(d) be the first derivative of 0*d**3 + d - 2*d**4 - 1/2*d**2 - 30. Let r = -2 + 3. Calculate w(r).
-8
Let q(a) = -a - 11. Let o(s) = -s**3 + 14*s**2 - 16*s + 28. Let k be o(13). Determine q(k).
0
Suppose 2*l - 21 = 3*f + 7*l, -2*f - 4*l = 16. Let s be (f + 28)*5/10. Let r(g) = -s*g + 21*g - 12*g - 2*g**2. Determine r(-3).
-6
Let z(g) be the second derivative of -g**7/2520 + g**6/120 - g**5/40 - 5*g**4/4 + 6*g. Let k(b) be the third derivative of z(b). Calculate k(4).
5
Let m(w) = 3*w - 5. Let d(j) = j**2 - 3*j + 5. Let k(v) = -2*d(v) - 3*m(v). Suppose 73 = -9*c + 37. Determine k(c).
-15
Let v(h) be the third derivative of 7/6*h**3 + 0*h + 0 + 25*h**2 + 1/12*h**4. What is v(-6)?
-5
Suppose 0 = f + 2*f - 6. Suppose -3 = -d + f. Let i(p) = -17*p + 91*p**2 + 18*p - 96*p**2 + p**3 - 6. Give i(d).
-1
Let x(o) be the third derivative of -o**4/6 + 5*o**3/2 - 539*o**2. Determine x(6).
-9
Let x(r) = r**2. Let t(b) = -4*b**2 + 5*b + 8. Let c(o) = t(o) + 3*x(o). Let f be (-6)/45 - (-1177)/165. What is c(f)?
-6
Let b(n) = n**3 - 4*n**2 + 6*n - 5. Let p be (-2)/2*-6 + (-60 - -58). Determine b(p).
19
Let t(z) = -z**2 - 3*z - 1. Let f(v) = -v**2 - 4*v - 2. Let k(a) = 3*f(a) - 4*t(a). Let u be 3 + (-2 - -1)/((-8)/24). Suppose 2 = u*p - 16. Determine k(p).
7
Let w(s) = s - 1. Suppose 0 = -11*p + 97 + 156. Let g be (3/((-3)/(-5)))/((-23)/p). Give w(g).
-6
Let h(k) be the third derivative of -k**4/6 + k**3/6 - 2*k**2. Suppose -t - 20 = -5*t. Suppose -c - t = -6*c. What is h(c)?
-3
Let o(y) = 6*y**3 - y**2 + 7*y - 1. Suppose 16 + 4 = -4*p. Let c(g) = -g**3 - g**2 - 1. Let n(a) = p*c(a) - o(a). Calculate n(5).
-4
Suppose -4*w - 24 = 4*o, -4*o - 2*w + 0*w - 32 = 0. Let m(t) be the third derivative of t**4/24 + 5*t**3/3 - 3*t**2. Calculate m(o).
0
Let x be 4/((-16)/(-20))*(1 - 2). Let f(k) = -k**2 - k + 7. Calculate f(x).
-13
Let i(s) = -s**2 + 3*s + 1. Let r be i(3). Let x(g) be the second derivative of 1/5*g**5 + 31*g + 0*g**2 + 0 - 1/6*g**3 + 1/12*g**4. Calculate x(r).
4
Let s(h) = -3*h - 7. Let m(g) = g**2 + 9*g + 12. Let y be m(-3). Give s(y).
11
Let p(j) be the second derivative of -j**5/20 + j**4/3 - j**3/6 - j**2 + 50*j. What is p(4)?
-6
Let c(z) = -2*z**2 - 1. Let y(s) = -s**3 - 2*s**2 + 4*s. Let b be 1/4 + 39/(-12). Let q be y(b). Determine c(q).
-19
Let k = -1024 - -1454. Let f(c) = -4*c**2 + k*c - 2*c**3 + 3*c**3 - 426*c. Give f(4).
16
Let v(c) be the third derivative of c**4/24 - c**3/2 - 2*c**2 - 51. Calculate v(-5).
-8
Let n(t) = -4*t + 1. Suppose -3*y + 4*h - 22 = 0, 0 = 3*y - 2*h - 2 + 16. Determine n(y).
9
Let s(p) be the second derivative of -p**5/20 + p**4/12 - p**3 + p**2 + 502*p. What is s(3)?
-34
Let v(i) = -5*i**2. Suppose 3*h + 4 = 3*x - 2*x, 4*h - 2*x + 4 = 0. Let l(y) = 3 - 7 + 0*y + 1 - y. Let b be l(h). Determine v(b).
-5
Let d = -15 + 41. Let w = -23 + d. Let i(a) = 7*a - 3. Determine i(w).
18
Let p(a) = a**3 - 14*a**2 + 14*a - 8. Let g be p(13). Suppose 0 = -g*i + 7*i. Let n(m) = m**3 - m**2 - m - 8. Determine n(i).
-8
Suppose 5*a + 28 = -3*b, 67*b - 69*b - 24 = 4*a. Let d(c) = 0*c - c**3 + 4 - 9*c**2 - 6*c + 6. Give d(a).
-6
Let h(z) = 2*z**2 + z - 4. Let q(r) = -4*r**2 - r + 9. Let g(m) = -7*h(m) - 3*q(m). Calculate g(-3).
-5
Let k(v) = -v**2 + 45*v - 349. Let b be k(10). Let w(o) = -31*o**3 + o**2 - 2*o + 2. Determine w(b).
-30
Let j(i) = -2*i + 1. Suppose -6*h + 3*h = 0. Let s(o) = 0*o**3 + 2*o**3 + o - 988*o**2 + 3 + 987*o**2 - 3*o**3. Let n be s(h). Calculate j(n).
-5
Suppose -4*v + 8*v = 16. Suppose 4*o = -16 - v. Let p(y) = y**2 + 3*y - 5. What is p(o)?
5
Let g(p) = 3*p. Let i(h) = -2*h + 1. Let a(r) = -3*g(r) - i(r). Calculate a(-3).
20
Let k(a) be the second derivative of 9*a**5/20 - a**4/6 + a**3/3 - a**2 - 346*a. What is k(1)?
7
Let t(z) = z**2 + 6*z - 3. Let u be t(-6). Let i(j) = -601*j + 307*j + 296*j. What is i(u)?
-6
Let u(a) = 4*a**3. Suppose -4*c - 5*b = -c + 20, b = -c - 4. Let j = -6 + c. Let w be 3/j*(-5 + 3). Give u(w).
4
Suppose -6*y = -8*y. Let r be (-1)/((3/9)/(-1)). Let j(x) = -3*x - 4. Let w(m) = -m - 1. Let g(t) = r*j(t) - 8*w(t). What is g(y)?
-4
Let u be 6 + -7 + (7 - 0). Suppose u = v + 1. Let y(p) = 0*p + 4*p**2 - 2*p**2 + 4*p - v. What is y(-4)?
11
Let i be 13/4 + 12/(-48). Suppose -5 = 5*r - d, 0 = -i*r - 2*r - 5*d - 5. Let s(p) = 13*p + p**2 - p - 11*p. Calculate s(r).
0
Let i(x) = -x**3 + 9*x**2 + x - 5. Let t be i(9). Let n = -4 + t. Let l(z) = -1 + 4 + n + 8 - z**2 - z**3. Give l(0).
11
Let p(l) be the third derivative of -7*l**6/60 + l**4/24 + 26*l**2. Give p(1).
-13
Let p(m) = -m**3 - 10*m**2 + 10*m - 16. Let x(n) = 1 - 160*n + 6*n**2 + 2*n**3 + 0 + 155*n. Let z be x(-4). What is p(z)?
-5
Suppose 2*a + 3*t = 20, -3*t = -a - 2*t + 5. Let n(o) = -2*o + o + 3 + 2*o - a. Determine n(4).
0
Let y(p) = p**2 - 1. Let s(v) = v**3 - 7*v**2 + v - 3. Let f be s(7). Suppose g - 2 = f. Suppose 8 = 4*k, 4*b = -3*k + g + 4. Give y(b).
0
Let p(f) be the first derivative of f**3/3 - 3*f**2 - 4*f + 24. Calculate p(5).
-9
Let x(p) be the first derivative of -1/6*p**4 + 9 + 1/120*p**6 - 5*p**2 - 1/3*p**3 - 1/12*p**5 + 0*p. Let w(s) be the second derivative of x(s). What is w(6)?
10
Let c = -6 + 13. Let q(b) = -6*b**2 - 9*b**3 + 9*b + 17*b**3 - 4 - c*b**3 - 3*b. What is q(5)?
1
Let m(u) be the first derivative of u**2/2 - 3*u + 141. What is m(-8)?
-11
Let h(x) = -x**3 + x + 2. Let